{"id":1747,"date":"2018-05-18T17:03:35","date_gmt":"2018-05-18T15:03:35","guid":{"rendered":"http:\/\/presencevocale.fr\/coachingvocal\/?page_id=1747"},"modified":"2018-05-18T17:03:35","modified_gmt":"2018-05-18T15:03:35","slug":"le-corps-instrument","status":"publish","type":"page","link":"https:\/\/presencevocale.fr\/coachingvocal\/le-coaching-vocal\/le-corps-instrument\/","title":{"rendered":"Le corps instrument"},"content":{"rendered":"<h4><span style=\"color: #339966; font-family: Arial, Helvetica, sans-serif;\"><strong>La voix ne peut prendre toute sa puissance et toute sa fluidit\u00e9 qu\u2019en s\u2019incarnant dans un corps d\u00e9tendu et ouvert au souffle.<\/strong><\/span><\/h4>\n<p><span style=\"font-family: Trebuchet\\ MS, Helvetica, sans-serif;\"><strong>Zones les plus fr\u00e9quentes de tension vocale \u00e0 d\u00e9nouer\u00a0:<\/strong><\/span><\/p>\n<p><span style=\"font-family: Trebuchet\\ MS, Helvetica, sans-serif;\"><a href=\"http:\/\/presencevocale.fr\/coachingvocal\/wp-content\/uploads\/2018\/05\/Corps-tendu-Fotolia_171263102_XS.jpg\"><img loading=\"lazy\" decoding=\"async\" class=\" wp-image-1748 alignleft\" src=\"http:\/\/presencevocale.fr\/coachingvocal\/wp-content\/uploads\/2018\/05\/Corps-tendu-Fotolia_171263102_XS-222x300.jpg\" alt=\"\" width=\"190\" height=\"257\" srcset=\"https:\/\/presencevocale.fr\/coachingvocal\/wp-content\/uploads\/2018\/05\/Corps-tendu-Fotolia_171263102_XS-222x300.jpg 222w, https:\/\/presencevocale.fr\/coachingvocal\/wp-content\/uploads\/2018\/05\/Corps-tendu-Fotolia_171263102_XS.jpg 298w\" sizes=\"auto, (max-width: 190px) 100vw, 190px\" \/><\/a><\/span><\/p>\n<ul>\n<li><span style=\"font-family: Trebuchet\\ MS, Helvetica, sans-serif;\">Genoux verrouill\u00e9s<\/span><\/li>\n<li><span style=\"font-family: Trebuchet\\ MS, Helvetica, sans-serif;\">Bassin bloqu\u00e9<\/span><\/li>\n<li><span style=\"font-family: Trebuchet\\ MS, Helvetica, sans-serif;\">Diaphragme crisp\u00e9 \/ inutilis\u00e9<\/span><\/li>\n<li><span style=\"font-family: Trebuchet\\ MS, Helvetica, sans-serif;\">Respiration bloqu\u00e9e dans le thorax<\/span><\/li>\n<li><span style=\"font-family: Trebuchet\\ MS, Helvetica, sans-serif;\">Epaules tendues<\/span><\/li>\n<li><span style=\"font-family: Trebuchet\\ MS, Helvetica, sans-serif;\">Nuque raide<\/span><\/li>\n<li><span style=\"font-family: Trebuchet\\ MS, Helvetica, sans-serif;\">M\u00e2choires verrouill\u00e9es<\/span><\/li>\n<li><span style=\"font-family: Trebuchet\\ MS, Helvetica, sans-serif;\">Langue r\u00e9tract\u00e9e<\/span><\/li>\n<\/ul>\n<p>&nbsp;<\/p>\n<p><span style=\"font-family: Trebuchet\\ MS, Helvetica, sans-serif; font-size: 14pt; color: #993366;\">Pour cette raison, il est important :<a href=\"http:\/\/presencevocale.fr\/coachingvocal\/wp-content\/uploads\/2018\/05\/Corps-Instrument-Fotolia_98068703_XS.jpg\"><img loading=\"lazy\" decoding=\"async\" class=\"size-medium wp-image-1751 alignright\" src=\"http:\/\/presencevocale.fr\/coachingvocal\/wp-content\/uploads\/2018\/05\/Corps-Instrument-Fotolia_98068703_XS-200x300.jpg\" alt=\"\" width=\"200\" height=\"300\" srcset=\"https:\/\/presencevocale.fr\/coachingvocal\/wp-content\/uploads\/2018\/05\/Corps-Instrument-Fotolia_98068703_XS-200x300.jpg 200w, https:\/\/presencevocale.fr\/coachingvocal\/wp-content\/uploads\/2018\/05\/Corps-Instrument-Fotolia_98068703_XS.jpg 283w\" sizes=\"auto, (max-width: 200px) 100vw, 200px\" \/><\/a><\/span><\/p>\n<p>&nbsp;<\/p>\n<ul>\n<li><span style=\"font-family: Trebuchet\\ MS, Helvetica, sans-serif;\">De consid\u00e9rer son corps comme un v\u00e9ritable instrument de musique qu\u2019il faut entretenir et \u00ab\u00a0accorder\u00a0\u00bb.<\/span><\/li>\n<\/ul>\n<p>&nbsp;<\/p>\n<ul>\n<li><span style=\"font-family: Trebuchet\\ MS, Helvetica, sans-serif;\">De ne jamais mettre en \u0153uvre de performance vocale sans un travail pr\u00e9alable d\u2019assouplissement et d\u2019\u00e9chauffement du corps (<em>et pas seulement des cordes vocales<\/em>).<\/span><\/li>\n<\/ul>\n","protected":false},"excerpt":{"rendered":"<p>La voix ne peut prendre toute sa puissance et toute sa fluidit\u00e9 qu\u2019en s\u2019incarnant dans un corps d\u00e9tendu et ouvert au souffle. Zones les plus fr\u00e9quentes de tension vocale \u00e0 d\u00e9nouer\u00a0: Genoux verrouill\u00e9s Bassin bloqu\u00e9 Diaphragme crisp\u00e9 \/ inutilis\u00e9 Respiration bloqu\u00e9e dans le thorax Epaules tendues Nuque raide M\u00e2choires verrouill\u00e9es Langue r\u00e9tract\u00e9e &nbsp; Pour cette [&hellip;]<\/p>\n","protected":false},"author":3,"featured_media":1751,"parent":64,"menu_order":0,"comment_status":"closed","ping_status":"closed","template":"","meta":{"ocean_post_layout":"","ocean_both_sidebars_style":"","ocean_both_sidebars_content_width":0,"ocean_both_sidebars_sidebars_width":0,"ocean_sidebar":"","ocean_second_sidebar":"","ocean_disable_margins":"enable","ocean_add_body_class":"","ocean_shortcode_before_top_bar":"","ocean_shortcode_after_top_bar":"","ocean_shortcode_before_header":"","ocean_shortcode_after_header":"","ocean_has_shortcode":"","ocean_shortcode_after_title":"","ocean_shortcode_before_footer_widgets":"","ocean_shortcode_after_footer_widgets":"","ocean_shortcode_before_footer_bottom":"","ocean_shortcode_after_footer_bottom":"","ocean_display_top_bar":"default","ocean_display_header":"default","ocean_header_style":"","ocean_center_header_left_menu":"","ocean_custom_header_template":"","ocean_custom_logo":0,"ocean_custom_retina_logo":0,"ocean_custom_logo_max_width":0,"ocean_custom_logo_tablet_max_width":0,"ocean_custom_logo_mobile_max_width":0,"ocean_custom_logo_max_height":0,"ocean_custom_logo_tablet_max_height":0,"ocean_custom_logo_mobile_max_height":0,"ocean_header_custom_menu":"","ocean_menu_typo_font_family":"","ocean_menu_typo_font_subset":"","ocean_menu_typo_font_size":0,"ocean_menu_typo_font_size_tablet":0,"ocean_menu_typo_font_size_mobile":0,"ocean_menu_typo_font_size_unit":"px","ocean_menu_typo_font_weight":"","ocean_menu_typo_font_weight_tablet":"","ocean_menu_typo_font_weight_mobile":"","ocean_menu_typo_transform":"","ocean_menu_typo_transform_tablet":"","ocean_menu_typo_transform_mobile":"","ocean_menu_typo_line_height":0,"ocean_menu_typo_line_height_tablet":0,"ocean_menu_typo_line_height_mobile":0,"ocean_menu_typo_line_height_unit":"","ocean_menu_typo_spacing":0,"ocean_menu_typo_spacing_tablet":0,"ocean_menu_typo_spacing_mobile":0,"ocean_menu_typo_spacing_unit":"","ocean_menu_link_color":"","ocean_menu_link_color_hover":"","ocean_menu_link_color_active":"","ocean_menu_link_background":"","ocean_menu_link_hover_background":"","ocean_menu_link_active_background":"","ocean_menu_social_links_bg":"","ocean_menu_social_hover_links_bg":"","ocean_menu_social_links_color":"","ocean_menu_social_hover_links_color":"","ocean_disable_title":"default","ocean_disable_heading":"default","ocean_post_title":"","ocean_post_subheading":"","ocean_post_title_style":"","ocean_post_title_background_color":"","ocean_post_title_background":0,"ocean_post_title_bg_image_position":"","ocean_post_title_bg_image_attachment":"","ocean_post_title_bg_image_repeat":"","ocean_post_title_bg_image_size":"","ocean_post_title_height":0,"ocean_post_title_bg_overlay":0.5,"ocean_post_title_bg_overlay_color":"","ocean_disable_breadcrumbs":"default","ocean_breadcrumbs_color":"","ocean_breadcrumbs_separator_color":"","ocean_breadcrumbs_links_color":"","ocean_breadcrumbs_links_hover_color":"","ocean_display_footer_widgets":"default","ocean_display_footer_bottom":"default","ocean_custom_footer_template":"","footnotes":""},"class_list":["post-1747","page","type-page","status-publish","has-post-thumbnail","hentry","entry","has-media"],"_links":{"self":[{"href":"https:\/\/presencevocale.fr\/coachingvocal\/wp-json\/wp\/v2\/pages\/1747","targetHints":{"allow":["GET"]}}],"collection":[{"href":"https:\/\/presencevocale.fr\/coachingvocal\/wp-json\/wp\/v2\/pages"}],"about":[{"href":"https:\/\/presencevocale.fr\/coachingvocal\/wp-json\/wp\/v2\/types\/page"}],"author":[{"embeddable":true,"href":"https:\/\/presencevocale.fr\/coachingvocal\/wp-json\/wp\/v2\/users\/3"}],"replies":[{"embeddable":true,"href":"https:\/\/presencevocale.fr\/coachingvocal\/wp-json\/wp\/v2\/comments?post=1747"}],"version-history":[{"count":4,"href":"https:\/\/presencevocale.fr\/coachingvocal\/wp-json\/wp\/v2\/pages\/1747\/revisions"}],"predecessor-version":[{"id":1753,"href":"https:\/\/presencevocale.fr\/coachingvocal\/wp-json\/wp\/v2\/pages\/1747\/revisions\/1753"}],"up":[{"embeddable":true,"href":"https:\/\/presencevocale.fr\/coachingvocal\/wp-json\/wp\/v2\/pages\/64"}],"wp:featuredmedia":[{"embeddable":true,"href":"https:\/\/presencevocale.fr\/coachingvocal\/wp-json\/wp\/v2\/media\/1751"}],"wp:attachment":[{"href":"https:\/\/presencevocale.fr\/coachingvocal\/wp-json\/wp\/v2\/media?parent=1747"}],"curies":[{"name":"wp","href":"https:\/\/api.w.org\/{rel}","templated":true}]}}