{"id":1798,"date":"2018-06-17T03:02:58","date_gmt":"2018-06-17T01:02:58","guid":{"rendered":"http:\/\/presencevocale.fr\/coachingvocal\/?page_id=1798"},"modified":"2018-10-27T00:10:37","modified_gmt":"2018-10-26T22:10:37","slug":"poser-sa-voix-parler-en-public-lire-a-voix-haute","status":"publish","type":"page","link":"https:\/\/presencevocale.fr\/coachingvocal\/poser-sa-voix-parler-en-public-lire-a-voix-haute\/","title":{"rendered":"Poser sa voix &#8211; Parler en public &#8211; Lire \u00e0 voix haute"},"content":{"rendered":"<h5><a href=\"http:\/\/presencevocale.fr\/coachingvocal\/wp-content\/uploads\/2018\/06\/Fotolia_55219571_XS.jpg\"><img loading=\"lazy\" decoding=\"async\" class=\"size-medium wp-image-1796 alignright\" src=\"http:\/\/presencevocale.fr\/coachingvocal\/wp-content\/uploads\/2018\/06\/Fotolia_55219571_XS-300x201.jpg\" alt=\"\" width=\"300\" height=\"201\" srcset=\"https:\/\/presencevocale.fr\/coachingvocal\/wp-content\/uploads\/2018\/06\/Fotolia_55219571_XS-300x201.jpg 300w, https:\/\/presencevocale.fr\/coachingvocal\/wp-content\/uploads\/2018\/06\/Fotolia_55219571_XS.jpg 423w\" sizes=\"auto, (max-width: 300px) 100vw, 300px\" \/><\/a>Publics concern\u00e9s<\/h5>\n<p>Tous personnels ayant l&rsquo;occasion de s&rsquo;exprimer en public, lors de r\u00e9unions, de pr\u00e9sentations, d&rsquo;animations ou de lectures \u00e0 voix haute<\/p>\n<h5>Objectifs de formation<\/h5>\n<p>La formation a pour but de d\u00e9velopper des comp\u00e9tences de base en communication \u00e0 l\u2019oral, appuy\u00e9es sur une bonne gestion de la voix et de l\u2019expression. Elle permettra aux participants d\u2019acqu\u00e9rir des outils d&rsquo;expression vocale, applicables dans diverses situations professionnelles. Elle contribuera en outre \u00e0 les aider \u00e0 g\u00e9rer le trac et leur communication, selon les publics et en coh\u00e9rence avec leur personnalit\u00e9.<\/p>\n<h5>Objectifs p\u00e9dagogiques<\/h5>\n<p>Savoir communiquer \u00e0 l&rsquo;oral dans diverses circonstances professionnelles<\/p>\n<p>Savoir utiliser sa voix de mani\u00e8re confortable pour soi et audible pour les autres<\/p>\n<p>Savoir g\u00e9rer son stress dans une situation de communication<\/p>\n<p>Dans ces buts :<\/p>\n<ul>\n<li>Identifier les param\u00e8tres d\u2019une communication efficace<\/li>\n<li>Conna\u00eetre les m\u00e9canismes du fonctionnement de la voix<\/li>\n<li>Savoir structurer son discours<\/li>\n<li>Savoir rep\u00e9rer et \u00e9viter les tics de langage<\/li>\n<li>Savoir g\u00e9rer sa pr\u00e9sence face \u00e0 un interlocuteur ou un groupe<\/li>\n<li>Savoir se faire entendre et comprendre (articuler, varier les tonalit\u00e9s, jouer des silences\u2026)<\/li>\n<li>Savoir se d\u00e9contracter avant de parler<\/li>\n<li>Savoir cr\u00e9er une ambiance attentive et bienveillante<\/li>\n<\/ul>\n<h5>Dur\u00e9e :<\/h5>\n<p>2 jours<\/p>\n<h5>M\u00e9thodes :<\/h5>\n<p>Apports th\u00e9oriques succincts, visionnement de vid\u00e9os d\u2019exemples, exercices pratiques collectifs et individuels, mises en situation (lectures de texte, jeux vocaux individuels et \u00e0 plusieurs\u2026).<\/p>\n<h5>R\u00e9f\u00e9rences<\/h5>\n<p>Centre de formation aux carri\u00e8res des biblioth\u00e8ques Bretagne-Pays de Loire &#8211; D\u00e9partement de l&rsquo;Eure &#8211; D\u00e9partement de l&rsquo;Orne (Conduite de r\u00e9unions) &#8211; Association pour l&#8217;emploi des cadres de Rouen &#8211; Chambre de commerce et d&rsquo;industrie de Rouen &#8211; Librairie du Lotus (Rouen)<\/p>\n<h5>Publication li\u00e9e :<\/h5>\n<p><strong>Site d\u00e9di\u00e9 \u00e0 la formation \u00e0 consulter : <\/strong><strong><a href=\"http:\/\/dynamiquesdechangement.fr\/\">Dynamiques de changement<\/a><\/strong><\/p>\n<p>Voir aussi la fiche <a href=\"http:\/\/dynamiquesdechangement.fr\/formations\/formation-de-formateurs\/\"><em>Formation de formateurs<\/em><\/a><\/p>\n","protected":false},"excerpt":{"rendered":"<p>Publics concern\u00e9s Tous personnels ayant l&rsquo;occasion de s&rsquo;exprimer en public, lors de r\u00e9unions, de pr\u00e9sentations, d&rsquo;animations ou de lectures \u00e0 voix haute Objectifs de formation La formation a pour but de d\u00e9velopper des comp\u00e9tences de base en communication \u00e0 l\u2019oral, appuy\u00e9es sur une bonne gestion de la voix et de l\u2019expression. Elle permettra aux participants [&hellip;]<\/p>\n","protected":false},"author":3,"featured_media":1796,"parent":0,"menu_order":0,"comment_status":"closed","ping_status":"closed","template":"","meta":{"ocean_post_layout":"","ocean_both_sidebars_style":"","ocean_both_sidebars_content_width":0,"ocean_both_sidebars_sidebars_width":0,"ocean_sidebar":"","ocean_second_sidebar":"","ocean_disable_margins":"enable","ocean_add_body_class":"","ocean_shortcode_before_top_bar":"","ocean_shortcode_after_top_bar":"","ocean_shortcode_before_header":"","ocean_shortcode_after_header":"","ocean_has_shortcode":"","ocean_shortcode_after_title":"","ocean_shortcode_before_footer_widgets":"","ocean_shortcode_after_footer_widgets":"","ocean_shortcode_before_footer_bottom":"","ocean_shortcode_after_footer_bottom":"","ocean_display_top_bar":"default","ocean_display_header":"default","ocean_header_style":"","ocean_center_header_left_menu":"","ocean_custom_header_template":"","ocean_custom_logo":0,"ocean_custom_retina_logo":0,"ocean_custom_logo_max_width":0,"ocean_custom_logo_tablet_max_width":0,"ocean_custom_logo_mobile_max_width":0,"ocean_custom_logo_max_height":0,"ocean_custom_logo_tablet_max_height":0,"ocean_custom_logo_mobile_max_height":0,"ocean_header_custom_menu":"","ocean_menu_typo_font_family":"","ocean_menu_typo_font_subset":"","ocean_menu_typo_font_size":0,"ocean_menu_typo_font_size_tablet":0,"ocean_menu_typo_font_size_mobile":0,"ocean_menu_typo_font_size_unit":"px","ocean_menu_typo_font_weight":"","ocean_menu_typo_font_weight_tablet":"","ocean_menu_typo_font_weight_mobile":"","ocean_menu_typo_transform":"","ocean_menu_typo_transform_tablet":"","ocean_menu_typo_transform_mobile":"","ocean_menu_typo_line_height":0,"ocean_menu_typo_line_height_tablet":0,"ocean_menu_typo_line_height_mobile":0,"ocean_menu_typo_line_height_unit":"","ocean_menu_typo_spacing":0,"ocean_menu_typo_spacing_tablet":0,"ocean_menu_typo_spacing_mobile":0,"ocean_menu_typo_spacing_unit":"","ocean_menu_link_color":"","ocean_menu_link_color_hover":"","ocean_menu_link_color_active":"","ocean_menu_link_background":"","ocean_menu_link_hover_background":"","ocean_menu_link_active_background":"","ocean_menu_social_links_bg":"","ocean_menu_social_hover_links_bg":"","ocean_menu_social_links_color":"","ocean_menu_social_hover_links_color":"","ocean_disable_title":"default","ocean_disable_heading":"default","ocean_post_title":"","ocean_post_subheading":"","ocean_post_title_style":"","ocean_post_title_background_color":"","ocean_post_title_background":0,"ocean_post_title_bg_image_position":"","ocean_post_title_bg_image_attachment":"","ocean_post_title_bg_image_repeat":"","ocean_post_title_bg_image_size":"","ocean_post_title_height":0,"ocean_post_title_bg_overlay":0.5,"ocean_post_title_bg_overlay_color":"","ocean_disable_breadcrumbs":"default","ocean_breadcrumbs_color":"","ocean_breadcrumbs_separator_color":"","ocean_breadcrumbs_links_color":"","ocean_breadcrumbs_links_hover_color":"","ocean_display_footer_widgets":"default","ocean_display_footer_bottom":"default","ocean_custom_footer_template":"","footnotes":""},"class_list":["post-1798","page","type-page","status-publish","has-post-thumbnail","hentry","entry","has-media"],"_links":{"self":[{"href":"https:\/\/presencevocale.fr\/coachingvocal\/wp-json\/wp\/v2\/pages\/1798","targetHints":{"allow":["GET"]}}],"collection":[{"href":"https:\/\/presencevocale.fr\/coachingvocal\/wp-json\/wp\/v2\/pages"}],"about":[{"href":"https:\/\/presencevocale.fr\/coachingvocal\/wp-json\/wp\/v2\/types\/page"}],"author":[{"embeddable":true,"href":"https:\/\/presencevocale.fr\/coachingvocal\/wp-json\/wp\/v2\/users\/3"}],"replies":[{"embeddable":true,"href":"https:\/\/presencevocale.fr\/coachingvocal\/wp-json\/wp\/v2\/comments?post=1798"}],"version-history":[{"count":2,"href":"https:\/\/presencevocale.fr\/coachingvocal\/wp-json\/wp\/v2\/pages\/1798\/revisions"}],"predecessor-version":[{"id":1931,"href":"https:\/\/presencevocale.fr\/coachingvocal\/wp-json\/wp\/v2\/pages\/1798\/revisions\/1931"}],"wp:featuredmedia":[{"embeddable":true,"href":"https:\/\/presencevocale.fr\/coachingvocal\/wp-json\/wp\/v2\/media\/1796"}],"wp:attachment":[{"href":"https:\/\/presencevocale.fr\/coachingvocal\/wp-json\/wp\/v2\/media?parent=1798"}],"curies":[{"name":"wp","href":"https:\/\/api.w.org\/{rel}","templated":true}]}}

Poser sa voix &#8211; Parler en public &#8211; Lire à voix haute

<h5><a href="http://presencevocale.fr/coachingvocal/wp-content/uploads/2018/06/Fotolia_55219571_XS.jpg"><img loading="lazy" decoding="async" class="size-medium wp-image-1796 alignright" src="http://presencevocale.fr/coachingvocal/wp-content/uploads/2018/06/Fotolia_55219571_XS-300x201.jpg" alt="" width="300" height="201" srcset="https://presencevocale.fr/coachingvocal/wp-content/uploads/2018/06/Fotolia_55219571_XS-300x201.jpg 300w, https://presencevocale.fr/coachingvocal/wp-content/uploads/2018/06/Fotolia_55219571_XS.jpg 423w" sizes="auto, (max-width: 300px) 100vw, 300px" /></a>Publics concernés</h5>
<p>Tous personnels ayant l&rsquo;occasion de s&rsquo;exprimer en public, lors de réunions, de présentations, d&rsquo;animations ou de lectures à voix haute</p>
<h5>Objectifs de formation</h5>
<p>La formation a pour but de développer des compétences de base en communication à l’oral, appuyées sur une bonne gestion de la voix et de l’expression. Elle permettra aux participants d’acquérir des outils d&rsquo;expression vocale, applicables dans diverses situations professionnelles. Elle contribuera en outre à les aider à gérer le trac et leur communication, selon les publics et en cohérence avec leur personnalité.</p>
<h5>Objectifs pédagogiques</h5>
<p>Savoir communiquer à l&rsquo;oral dans diverses circonstances professionnelles</p>
<p>Savoir utiliser sa voix de manière confortable pour soi et audible pour les autres</p>
<p>Savoir gérer son stress dans une situation de communication</p>
<p>Dans ces buts :</p>
<ul>
<li>Identifier les paramètres d’une communication efficace</li>
<li>Connaître les mécanismes du fonctionnement de la voix</li>
<li>Savoir structurer son discours</li>
<li>Savoir repérer et éviter les tics de langage</li>
<li>Savoir gérer sa présence face à un interlocuteur ou un groupe</li>
<li>Savoir se faire entendre et comprendre (articuler, varier les tonalités, jouer des silences…)</li>
<li>Savoir se décontracter avant de parler</li>
<li>Savoir créer une ambiance attentive et bienveillante</li>
</ul>
<h5>Durée :</h5>
<p>2 jours</p>
<h5>Méthodes :</h5>
<p>Apports théoriques succincts, visionnement de vidéos d’exemples, exercices pratiques collectifs et individuels, mises en situation (lectures de texte, jeux vocaux individuels et à plusieurs…).</p>
<h5>Références</h5>
<p>Centre de formation aux carrières des bibliothèques Bretagne-Pays de Loire &#8211; Département de l&rsquo;Eure &#8211; Département de l&rsquo;Orne (Conduite de réunions) &#8211; Association pour l&#8217;emploi des cadres de Rouen &#8211; Chambre de commerce et d&rsquo;industrie de Rouen &#8211; Librairie du Lotus (Rouen)</p>
<h5>Publication liée :</h5>
<p><strong>Site dédié à la formation à consulter : </strong><strong><a href="http://dynamiquesdechangement.fr/">Dynamiques de changement</a></strong></p>
<p>Voir aussi la fiche <a href="http://dynamiquesdechangement.fr/formations/formation-de-formateurs/"><em>Formation de formateurs</em></a></p>

<p>Publics concernés Tous personnels ayant l&rsquo;occasion de s&rsquo;exprimer en public, lors de réunions, de présentations, d&rsquo;animations ou de lectures à voix haute Objectifs de formation La formation a pour but de développer des compétences de base en communication à l’oral, appuyées sur une bonne gestion de la voix et de l’expression. Elle permettra aux participants [&hellip;]</p>
