{"id":2872,"date":"2025-04-15T15:40:49","date_gmt":"2025-04-15T13:40:49","guid":{"rendered":"https:\/\/presencevocale.fr\/coachingvocal\/?page_id=2872"},"modified":"2025-04-15T15:45:58","modified_gmt":"2025-04-15T13:45:58","slug":"mediation-a-la-consommation-litiges","status":"publish","type":"page","link":"https:\/\/presencevocale.fr\/coachingvocal\/mediation-a-la-consommation-litiges\/","title":{"rendered":"M\u00e9diation \u00e0 la consommation (Litiges)"},"content":{"rendered":"\n<p class=\"has-text-align-center text-build-content has-black-color has-text-color has-link-color has-large-font-size wp-elements-2e618f5ba46d55044bfc3620b30fa030\"><strong><span style=\"font-family: 'Corbel',sans-serif;\">Conform\u00e9ment \u00e0 la loi<\/span><\/strong><\/p>\n\n\n\n<p class=\"has-text-align-center text-build-content has-vivid-red-color has-text-color has-link-color wp-elements-60f2daa98f96af227ef7ad8bbbfaac60\"><strong><span style=\"font-family: 'Corbel',sans-serif;\">en cas de litige dans notre relation professionnelle et si vous n\u2019\u00eates pas parvenu \u00e0 trouver une solution avec moi,<br>apr\u00e8s m&rsquo;avoir adress\u00e9 une r\u00e9clamation orale ou \u00e9crite (courrier ou courriel), dat\u00e9e, rappelant les circonstances qui ont donn\u00e9 lieu au diff\u00e9rend et ce que vous r\u00e9clamez,<br>et si vous avez re\u00e7u une r\u00e9ponse \u00e9crite n\u00e9gative de ma part ou pas de r\u00e9ponse deux mois apr\u00e8s l\u2019envoi de votre r\u00e9clamation,<\/span><\/strong><br><span style=\"font-family: 'Corbel',sans-serif;\"><strong>vous pourrez saisir le m\u00e9diateur de la consommation, d\u00e9sign\u00e9 ci- dessous,<\/strong><br><\/span><\/p>\n\n\n\n<p class=\"has-text-align-center has-medium-font-size\"><strong>Conform\u00e9ment aux articles L.616-1 et R.616-1 du code de la consommation,<br>j&rsquo;ai mis en place un dispositif de m\u00e9diation \u00e0 la consommation.<\/strong><\/p>\n\n\n\n<p class=\"has-text-align-center text-build-content has-medium-font-size\"><strong>L&rsquo;entit\u00e9 de m\u00e9diation retenue est :<\/strong><\/p>\n\n\n\n<p class=\"has-text-align-center text-build-content has-small-font-size\"><b><span style=\"font-family: 'Corbel',sans-serif; color: red;\">MEDIATION CONSOMMATION D\u00c9VELOPPEMENT\/MED CONSO DEV<\/span><\/b><span style=\"font-family: 'Corbel',sans-serif;\"><br><\/span><b><span style=\"font-size: 10.0pt; font-family: 'Corbel',sans-serif;\">En cas de litige, vous pouvez d\u00e9poser votre r\u00e9clamation sur son site :<\/span><\/b><br><b><span style=\"font-family: 'Corbel',sans-serif;\"><span style=\"color: red;\">https:\/\/www.medconsodev.eu<\/span><\/span><\/b><span style=\"font-family: 'Corbel',sans-serif;\"><br><\/span><b><span style=\"font-size: 10.0pt; font-family: 'Corbel',sans-serif;\">ou par voie postale en \u00e9crivant \u00e0 :<\/span><\/b><\/p>\n\n\n\n<p class=\"has-text-align-center text-build-content\"><b><span style=\"font-family: 'Corbel',sans-serif; color: red;\">MEDIATION CONSOMMATION D\u00c9VELOPPEMENT\/MED CONSO DEV<\/span><\/b><span style=\"font-family: 'Corbel',sans-serif;\"><br><b><span style=\"color: red;\">Centre d\u2019Affaires St\u00e9phanois SAS&nbsp;<\/span><\/b><br><b><span style=\"color: red;\">IMMEUBLE L\u2019HORIZON \u2013 ESPLANADE DE FRANCE<\/span><\/b><br><b><span style=\"color: red;\">3, RUE J. CONSTANT MILLERET \u2013 42000 SAINT-\u00c9TIENNE<\/span><\/b><\/span><\/p>\n\n\n\n<p><\/p>\n","protected":false},"excerpt":{"rendered":"<p>Conform\u00e9ment \u00e0 la loi en cas de litige dans notre relation professionnelle et si vous n\u2019\u00eates pas parvenu \u00e0 trouver une solution avec moi,apr\u00e8s m&rsquo;avoir adress\u00e9 une r\u00e9clamation orale ou \u00e9crite (courrier ou courriel), dat\u00e9e, rappelant les circonstances qui ont donn\u00e9 lieu au diff\u00e9rend et ce que vous r\u00e9clamez,et si vous avez re\u00e7u une r\u00e9ponse [&hellip;]<\/p>\n","protected":false},"author":6,"featured_media":0,"parent":0,"menu_order":0,"comment_status":"closed","ping_status":"closed","template":"","meta":{"ocean_post_layout":"","ocean_both_sidebars_style":"","ocean_both_sidebars_content_width":0,"ocean_both_sidebars_sidebars_width":0,"ocean_sidebar":"","ocean_second_sidebar":"","ocean_disable_margins":"enable","ocean_add_body_class":"","ocean_shortcode_before_top_bar":"","ocean_shortcode_after_top_bar":"","ocean_shortcode_before_header":"","ocean_shortcode_after_header":"","ocean_has_shortcode":"","ocean_shortcode_after_title":"","ocean_shortcode_before_footer_widgets":"","ocean_shortcode_after_footer_widgets":"","ocean_shortcode_before_footer_bottom":"","ocean_shortcode_after_footer_bottom":"","ocean_display_top_bar":"default","ocean_display_header":"default","ocean_header_style":"","ocean_center_header_left_menu":"","ocean_custom_header_template":"","ocean_custom_logo":0,"ocean_custom_retina_logo":0,"ocean_custom_logo_max_width":0,"ocean_custom_logo_tablet_max_width":0,"ocean_custom_logo_mobile_max_width":0,"ocean_custom_logo_max_height":0,"ocean_custom_logo_tablet_max_height":0,"ocean_custom_logo_mobile_max_height":0,"ocean_header_custom_menu":"","ocean_menu_typo_font_family":"","ocean_menu_typo_font_subset":"","ocean_menu_typo_font_size":0,"ocean_menu_typo_font_size_tablet":0,"ocean_menu_typo_font_size_mobile":0,"ocean_menu_typo_font_size_unit":"px","ocean_menu_typo_font_weight":"","ocean_menu_typo_font_weight_tablet":"","ocean_menu_typo_font_weight_mobile":"","ocean_menu_typo_transform":"","ocean_menu_typo_transform_tablet":"","ocean_menu_typo_transform_mobile":"","ocean_menu_typo_line_height":0,"ocean_menu_typo_line_height_tablet":0,"ocean_menu_typo_line_height_mobile":0,"ocean_menu_typo_line_height_unit":"","ocean_menu_typo_spacing":0,"ocean_menu_typo_spacing_tablet":0,"ocean_menu_typo_spacing_mobile":0,"ocean_menu_typo_spacing_unit":"","ocean_menu_link_color":"","ocean_menu_link_color_hover":"","ocean_menu_link_color_active":"","ocean_menu_link_background":"","ocean_menu_link_hover_background":"","ocean_menu_link_active_background":"","ocean_menu_social_links_bg":"","ocean_menu_social_hover_links_bg":"","ocean_menu_social_links_color":"","ocean_menu_social_hover_links_color":"","ocean_disable_title":"default","ocean_disable_heading":"default","ocean_post_title":"","ocean_post_subheading":"","ocean_post_title_style":"","ocean_post_title_background_color":"","ocean_post_title_background":0,"ocean_post_title_bg_image_position":"","ocean_post_title_bg_image_attachment":"","ocean_post_title_bg_image_repeat":"","ocean_post_title_bg_image_size":"","ocean_post_title_height":0,"ocean_post_title_bg_overlay":0.5,"ocean_post_title_bg_overlay_color":"","ocean_disable_breadcrumbs":"default","ocean_breadcrumbs_color":"","ocean_breadcrumbs_separator_color":"","ocean_breadcrumbs_links_color":"","ocean_breadcrumbs_links_hover_color":"","ocean_display_footer_widgets":"default","ocean_display_footer_bottom":"default","ocean_custom_footer_template":"","footnotes":""},"class_list":["post-2872","page","type-page","status-publish","hentry","entry"],"_links":{"self":[{"href":"https:\/\/presencevocale.fr\/coachingvocal\/wp-json\/wp\/v2\/pages\/2872","targetHints":{"allow":["GET"]}}],"collection":[{"href":"https:\/\/presencevocale.fr\/coachingvocal\/wp-json\/wp\/v2\/pages"}],"about":[{"href":"https:\/\/presencevocale.fr\/coachingvocal\/wp-json\/wp\/v2\/types\/page"}],"author":[{"embeddable":true,"href":"https:\/\/presencevocale.fr\/coachingvocal\/wp-json\/wp\/v2\/users\/6"}],"replies":[{"embeddable":true,"href":"https:\/\/presencevocale.fr\/coachingvocal\/wp-json\/wp\/v2\/comments?post=2872"}],"version-history":[{"count":5,"href":"https:\/\/presencevocale.fr\/coachingvocal\/wp-json\/wp\/v2\/pages\/2872\/revisions"}],"predecessor-version":[{"id":2880,"href":"https:\/\/presencevocale.fr\/coachingvocal\/wp-json\/wp\/v2\/pages\/2872\/revisions\/2880"}],"wp:attachment":[{"href":"https:\/\/presencevocale.fr\/coachingvocal\/wp-json\/wp\/v2\/media?parent=2872"}],"curies":[{"name":"wp","href":"https:\/\/api.w.org\/{rel}","templated":true}]}}