{"id":2915,"date":"2025-08-16T21:23:10","date_gmt":"2025-08-16T19:23:10","guid":{"rendered":"https:\/\/presencevocale.fr\/coachingvocal\/?page_id=2915"},"modified":"2025-08-16T21:35:42","modified_gmt":"2025-08-16T19:35:42","slug":"niokobok-voyage-sonore-a-partager","status":"publish","type":"page","link":"https:\/\/presencevocale.fr\/coachingvocal\/niokobok-voyage-sonore-a-partager\/","title":{"rendered":"Niokobok &#8211; Voyage sonore \u00e0 partager"},"content":{"rendered":"\n<h2 class=\"wp-block-heading has-text-color has-link-color wp-elements-00df19c139c722a245b3409dab230198\" style=\"color:#0923b7\">Quand tu \u00e9coutes, \u00e9coute ! Soir\u00e9es de m\u00e9ditation active et musicale<\/h2>\n\n\n\n<div class=\"wp-block-group has-text-color has-link-color has-medium-font-size wp-elements-e45753ef07ab0fbc4dbfb55368affc27 is-nowrap is-layout-flex wp-container-core-group-is-layout-ad2f72ca wp-block-group-is-layout-flex\" style=\"color:#0217f5ed\">\n<figure class=\"wp-block-image size-large is-resized is-style-rounded\"><a href=\"https:\/\/presencevocale.fr\/coachingvocal\/wp-content\/uploads\/2025\/08\/NIOKOBOK.png\"><img loading=\"lazy\" decoding=\"async\" width=\"1024\" height=\"726\" src=\"https:\/\/presencevocale.fr\/coachingvocal\/wp-content\/uploads\/2025\/08\/NIOKOBOK-1024x726.png\" alt=\"\" class=\"wp-image-2916\" style=\"width:436px;height:auto\" srcset=\"https:\/\/presencevocale.fr\/coachingvocal\/wp-content\/uploads\/2025\/08\/NIOKOBOK-1024x726.png 1024w, https:\/\/presencevocale.fr\/coachingvocal\/wp-content\/uploads\/2025\/08\/NIOKOBOK-300x213.png 300w, https:\/\/presencevocale.fr\/coachingvocal\/wp-content\/uploads\/2025\/08\/NIOKOBOK-768x545.png 768w, https:\/\/presencevocale.fr\/coachingvocal\/wp-content\/uploads\/2025\/08\/NIOKOBOK-1536x1090.png 1536w, https:\/\/presencevocale.fr\/coachingvocal\/wp-content\/uploads\/2025\/08\/NIOKOBOK.png 1748w\" sizes=\"auto, (max-width: 1024px) 100vw, 1024px\" \/><\/a><\/figure>\n\n\n\n<p class=\"has-text-color has-link-color wp-elements-5b6bbe1359ec3ad54e29f8607b9436ed\" style=\"color:#8f0505\">Informations et calendrier <a href=\"https:\/\/presencevocale.fr\/2025\/02\/05\/niokobok-voyage-sonore-a-partager\/\" target=\"_blank\" rel=\"noreferrer noopener\"><strong>sur cette page<\/strong><\/a><\/p>\n<\/div>\n\n\n\n<p><\/p>\n\n\n\n<div class=\"wp-block-media-text has-media-on-the-right is-stacked-on-mobile has-background\" style=\"background-color:#fadfe6;grid-template-columns:auto 40%\"><div class=\"wp-block-media-text__content\">\n<p class=\"has-text-color has-link-color has-medium-font-size wp-elements-2f746d85df42fb13ab916f930d01a540\" style=\"color:#980101\"><strong><em>Composer avec l&rsquo;instant pr\u00e9sent, la beaut\u00e9 de l&rsquo;\u00e9ph\u00e9m\u00e8re musical<\/em><\/strong><\/p>\n\n\n\n<p><strong>Article \u00e0 lire sur le site <a href=\"https:\/\/cursus.edu\/fr\/33912\/composer-avec-linstant-present\" target=\"_blank\" rel=\"noreferrer noopener\">Thot Cursus<\/a><\/strong><\/p>\n<\/div><figure class=\"wp-block-media-text__media\"><img loading=\"lazy\" decoding=\"async\" width=\"1024\" height=\"682\" src=\"https:\/\/presencevocale.fr\/coachingvocal\/wp-content\/uploads\/2025\/08\/Ecoute-musicale-Pixabay-OmarMedinaFilms-adult-3086307_1280-1024x682.jpg\" alt=\"\" class=\"wp-image-2922 size-full\" srcset=\"https:\/\/presencevocale.fr\/coachingvocal\/wp-content\/uploads\/2025\/08\/Ecoute-musicale-Pixabay-OmarMedinaFilms-adult-3086307_1280-1024x682.jpg 1024w, https:\/\/presencevocale.fr\/coachingvocal\/wp-content\/uploads\/2025\/08\/Ecoute-musicale-Pixabay-OmarMedinaFilms-adult-3086307_1280-300x200.jpg 300w, https:\/\/presencevocale.fr\/coachingvocal\/wp-content\/uploads\/2025\/08\/Ecoute-musicale-Pixabay-OmarMedinaFilms-adult-3086307_1280-768x512.jpg 768w, https:\/\/presencevocale.fr\/coachingvocal\/wp-content\/uploads\/2025\/08\/Ecoute-musicale-Pixabay-OmarMedinaFilms-adult-3086307_1280.jpg 1280w\" sizes=\"auto, (max-width: 1024px) 100vw, 1024px\" \/><\/figure><\/div>\n","protected":false},"excerpt":{"rendered":"<p>Quand tu \u00e9coutes, \u00e9coute ! Soir\u00e9es de m\u00e9ditation active et musicale Informations et calendrier sur cette page Composer avec l&rsquo;instant pr\u00e9sent, la beaut\u00e9 de l&rsquo;\u00e9ph\u00e9m\u00e8re musical Article \u00e0 lire sur le site Thot Cursus<\/p>\n","protected":false},"author":6,"featured_media":0,"parent":0,"menu_order":0,"comment_status":"closed","ping_status":"closed","template":"","meta":{"ocean_post_layout":"","ocean_both_sidebars_style":"","ocean_both_sidebars_content_width":0,"ocean_both_sidebars_sidebars_width":0,"ocean_sidebar":"","ocean_second_sidebar":"","ocean_disable_margins":"enable","ocean_add_body_class":"","ocean_shortcode_before_top_bar":"","ocean_shortcode_after_top_bar":"","ocean_shortcode_before_header":"","ocean_shortcode_after_header":"","ocean_has_shortcode":"","ocean_shortcode_after_title":"","ocean_shortcode_before_footer_widgets":"","ocean_shortcode_after_footer_widgets":"","ocean_shortcode_before_footer_bottom":"","ocean_shortcode_after_footer_bottom":"","ocean_display_top_bar":"default","ocean_display_header":"default","ocean_header_style":"","ocean_center_header_left_menu":"","ocean_custom_header_template":"","ocean_custom_logo":0,"ocean_custom_retina_logo":0,"ocean_custom_logo_max_width":0,"ocean_custom_logo_tablet_max_width":0,"ocean_custom_logo_mobile_max_width":0,"ocean_custom_logo_max_height":0,"ocean_custom_logo_tablet_max_height":0,"ocean_custom_logo_mobile_max_height":0,"ocean_header_custom_menu":"","ocean_menu_typo_font_family":"","ocean_menu_typo_font_subset":"","ocean_menu_typo_font_size":0,"ocean_menu_typo_font_size_tablet":0,"ocean_menu_typo_font_size_mobile":0,"ocean_menu_typo_font_size_unit":"px","ocean_menu_typo_font_weight":"","ocean_menu_typo_font_weight_tablet":"","ocean_menu_typo_font_weight_mobile":"","ocean_menu_typo_transform":"","ocean_menu_typo_transform_tablet":"","ocean_menu_typo_transform_mobile":"","ocean_menu_typo_line_height":0,"ocean_menu_typo_line_height_tablet":0,"ocean_menu_typo_line_height_mobile":0,"ocean_menu_typo_line_height_unit":"","ocean_menu_typo_spacing":0,"ocean_menu_typo_spacing_tablet":0,"ocean_menu_typo_spacing_mobile":0,"ocean_menu_typo_spacing_unit":"","ocean_menu_link_color":"","ocean_menu_link_color_hover":"","ocean_menu_link_color_active":"","ocean_menu_link_background":"","ocean_menu_link_hover_background":"","ocean_menu_link_active_background":"","ocean_menu_social_links_bg":"","ocean_menu_social_hover_links_bg":"","ocean_menu_social_links_color":"","ocean_menu_social_hover_links_color":"","ocean_disable_title":"default","ocean_disable_heading":"default","ocean_post_title":"","ocean_post_subheading":"","ocean_post_title_style":"","ocean_post_title_background_color":"","ocean_post_title_background":0,"ocean_post_title_bg_image_position":"","ocean_post_title_bg_image_attachment":"","ocean_post_title_bg_image_repeat":"","ocean_post_title_bg_image_size":"","ocean_post_title_height":0,"ocean_post_title_bg_overlay":0.5,"ocean_post_title_bg_overlay_color":"","ocean_disable_breadcrumbs":"default","ocean_breadcrumbs_color":"","ocean_breadcrumbs_separator_color":"","ocean_breadcrumbs_links_color":"","ocean_breadcrumbs_links_hover_color":"","ocean_display_footer_widgets":"default","ocean_display_footer_bottom":"default","ocean_custom_footer_template":"","footnotes":""},"class_list":["post-2915","page","type-page","status-publish","hentry","entry"],"_links":{"self":[{"href":"https:\/\/presencevocale.fr\/coachingvocal\/wp-json\/wp\/v2\/pages\/2915","targetHints":{"allow":["GET"]}}],"collection":[{"href":"https:\/\/presencevocale.fr\/coachingvocal\/wp-json\/wp\/v2\/pages"}],"about":[{"href":"https:\/\/presencevocale.fr\/coachingvocal\/wp-json\/wp\/v2\/types\/page"}],"author":[{"embeddable":true,"href":"https:\/\/presencevocale.fr\/coachingvocal\/wp-json\/wp\/v2\/users\/6"}],"replies":[{"embeddable":true,"href":"https:\/\/presencevocale.fr\/coachingvocal\/wp-json\/wp\/v2\/comments?post=2915"}],"version-history":[{"count":4,"href":"https:\/\/presencevocale.fr\/coachingvocal\/wp-json\/wp\/v2\/pages\/2915\/revisions"}],"predecessor-version":[{"id":2925,"href":"https:\/\/presencevocale.fr\/coachingvocal\/wp-json\/wp\/v2\/pages\/2915\/revisions\/2925"}],"wp:attachment":[{"href":"https:\/\/presencevocale.fr\/coachingvocal\/wp-json\/wp\/v2\/media?parent=2915"}],"curies":[{"name":"wp","href":"https:\/\/api.w.org\/{rel}","templated":true}]}}