{"id":560,"date":"2016-07-10T17:44:36","date_gmt":"2016-07-10T15:44:36","guid":{"rendered":"http:\/\/presencevocale.fr\/coachingvocal\/?page_id=560"},"modified":"2016-07-10T17:55:55","modified_gmt":"2016-07-10T15:55:55","slug":"du-cri-a-la-voix-le-corps-sonore-stage-dete","status":"publish","type":"page","link":"https:\/\/presencevocale.fr\/coachingvocal\/du-cri-a-la-voix-le-corps-sonore-stage-dete\/","title":{"rendered":"Du cri \u00e0 la voix : le corps sonore &#8211; Stage d&rsquo;\u00e9t\u00e9"},"content":{"rendered":"<table style=\"height: 307px;\" width=\"583\">\n<tbody>\n<tr>\n<td><a href=\"http:\/\/presencevocale.fr\/coachingvocal\/wp-content\/uploads\/2016\/03\/Fotolia_98711433_XS.jpg\"><img loading=\"lazy\" decoding=\"async\" class=\"wp-image-455 alignright\" src=\"http:\/\/presencevocale.fr\/coachingvocal\/wp-content\/uploads\/2016\/03\/Fotolia_98711433_XS-179x300.jpg\" alt=\"double exposure of nature and young woman dancing isolated on white background\" width=\"204\" height=\"344\" \/><\/a><\/td>\n<td><em>Se r\u00e9g\u00e9n\u00e9rer, bouger, s\u2019amuser, se rencontrer,<\/em><br \/>\n<em>s\u2019apprivoiser, exp\u00e9rimenter, cr\u00e9er ensemble,<\/em><br \/>\n<em>d\u00e9couvrir l\u2019\u00e9nergie qui nous habite et la partager<\/em><\/p>\n<p><em>Apprivoiser les mouvements,<br \/>\nla libert\u00e9 et les vibrations du corps sonore<\/em><\/p>\n<p><em>Faire vivre ses \u00e9motions et sa pr\u00e9sence<\/em><\/p>\n<p><em>Exp\u00e9rimenter le toucher dans la confiance<\/em><\/p>\n<p><em>Ecouter<\/em><\/p>\n<p><em>Etre pleinement l\u00e0<\/em><\/td>\n<\/tr>\n<\/tbody>\n<\/table>\n<p>Bertrand CHARRIER, musicien, praticien en technique de sant\u00e9 naturelle (<a href=\"http:\/\/www.lavoieducorps.com\/\">La Voie du Corps)<\/a><br \/>\nFran\u00e7oise HECQUARD, chanteuse, coach vocal<\/p>\n<p>Un stage r\u00e9sidentiel, dans un lieu ressour\u00e7ant au c\u0153ur de la nature<\/p>\n<p>R\u00e9serv\u00e9 aux adultes &#8211; Groupe limit\u00e9 \u00e0 12<\/p>\n","protected":false},"excerpt":{"rendered":"<p>Se r\u00e9g\u00e9n\u00e9rer, bouger, s\u2019amuser, se rencontrer, s\u2019apprivoiser, exp\u00e9rimenter, cr\u00e9er ensemble, d\u00e9couvrir l\u2019\u00e9nergie qui nous habite et la partager Apprivoiser les mouvements, la libert\u00e9 et les vibrations du corps sonore Faire vivre ses \u00e9motions et sa pr\u00e9sence Exp\u00e9rimenter le toucher dans la confiance Ecouter Etre pleinement l\u00e0 Bertrand CHARRIER, musicien, praticien en technique de sant\u00e9 naturelle [&hellip;]<\/p>\n","protected":false},"author":3,"featured_media":0,"parent":0,"menu_order":0,"comment_status":"closed","ping_status":"closed","template":"","meta":{"ocean_post_layout":"","ocean_both_sidebars_style":"","ocean_both_sidebars_content_width":0,"ocean_both_sidebars_sidebars_width":0,"ocean_sidebar":"","ocean_second_sidebar":"","ocean_disable_margins":"enable","ocean_add_body_class":"","ocean_shortcode_before_top_bar":"","ocean_shortcode_after_top_bar":"","ocean_shortcode_before_header":"","ocean_shortcode_after_header":"","ocean_has_shortcode":"","ocean_shortcode_after_title":"","ocean_shortcode_before_footer_widgets":"","ocean_shortcode_after_footer_widgets":"","ocean_shortcode_before_footer_bottom":"","ocean_shortcode_after_footer_bottom":"","ocean_display_top_bar":"default","ocean_display_header":"default","ocean_header_style":"","ocean_center_header_left_menu":"","ocean_custom_header_template":"","ocean_custom_logo":0,"ocean_custom_retina_logo":0,"ocean_custom_logo_max_width":0,"ocean_custom_logo_tablet_max_width":0,"ocean_custom_logo_mobile_max_width":0,"ocean_custom_logo_max_height":0,"ocean_custom_logo_tablet_max_height":0,"ocean_custom_logo_mobile_max_height":0,"ocean_header_custom_menu":"","ocean_menu_typo_font_family":"","ocean_menu_typo_font_subset":"","ocean_menu_typo_font_size":0,"ocean_menu_typo_font_size_tablet":0,"ocean_menu_typo_font_size_mobile":0,"ocean_menu_typo_font_size_unit":"px","ocean_menu_typo_font_weight":"","ocean_menu_typo_font_weight_tablet":"","ocean_menu_typo_font_weight_mobile":"","ocean_menu_typo_transform":"","ocean_menu_typo_transform_tablet":"","ocean_menu_typo_transform_mobile":"","ocean_menu_typo_line_height":0,"ocean_menu_typo_line_height_tablet":0,"ocean_menu_typo_line_height_mobile":0,"ocean_menu_typo_line_height_unit":"","ocean_menu_typo_spacing":0,"ocean_menu_typo_spacing_tablet":0,"ocean_menu_typo_spacing_mobile":0,"ocean_menu_typo_spacing_unit":"","ocean_menu_link_color":"","ocean_menu_link_color_hover":"","ocean_menu_link_color_active":"","ocean_menu_link_background":"","ocean_menu_link_hover_background":"","ocean_menu_link_active_background":"","ocean_menu_social_links_bg":"","ocean_menu_social_hover_links_bg":"","ocean_menu_social_links_color":"","ocean_menu_social_hover_links_color":"","ocean_disable_title":"default","ocean_disable_heading":"default","ocean_post_title":"","ocean_post_subheading":"","ocean_post_title_style":"","ocean_post_title_background_color":"","ocean_post_title_background":0,"ocean_post_title_bg_image_position":"","ocean_post_title_bg_image_attachment":"","ocean_post_title_bg_image_repeat":"","ocean_post_title_bg_image_size":"","ocean_post_title_height":0,"ocean_post_title_bg_overlay":0.5,"ocean_post_title_bg_overlay_color":"","ocean_disable_breadcrumbs":"default","ocean_breadcrumbs_color":"","ocean_breadcrumbs_separator_color":"","ocean_breadcrumbs_links_color":"","ocean_breadcrumbs_links_hover_color":"","ocean_display_footer_widgets":"default","ocean_display_footer_bottom":"default","ocean_custom_footer_template":"","footnotes":""},"class_list":["post-560","page","type-page","status-publish","hentry","entry"],"_links":{"self":[{"href":"https:\/\/presencevocale.fr\/coachingvocal\/wp-json\/wp\/v2\/pages\/560","targetHints":{"allow":["GET"]}}],"collection":[{"href":"https:\/\/presencevocale.fr\/coachingvocal\/wp-json\/wp\/v2\/pages"}],"about":[{"href":"https:\/\/presencevocale.fr\/coachingvocal\/wp-json\/wp\/v2\/types\/page"}],"author":[{"embeddable":true,"href":"https:\/\/presencevocale.fr\/coachingvocal\/wp-json\/wp\/v2\/users\/3"}],"replies":[{"embeddable":true,"href":"https:\/\/presencevocale.fr\/coachingvocal\/wp-json\/wp\/v2\/comments?post=560"}],"version-history":[{"count":9,"href":"https:\/\/presencevocale.fr\/coachingvocal\/wp-json\/wp\/v2\/pages\/560\/revisions"}],"predecessor-version":[{"id":572,"href":"https:\/\/presencevocale.fr\/coachingvocal\/wp-json\/wp\/v2\/pages\/560\/revisions\/572"}],"wp:attachment":[{"href":"https:\/\/presencevocale.fr\/coachingvocal\/wp-json\/wp\/v2\/media?parent=560"}],"curies":[{"name":"wp","href":"https:\/\/api.w.org\/{rel}","templated":true}]}}

Du cri à la voix : le corps sonore &#8211; Stage d&rsquo;été

<table style="height: 307px;" width="583">
<tbody>
<tr>
<td><a href="http://presencevocale.fr/coachingvocal/wp-content/uploads/2016/03/Fotolia_98711433_XS.jpg"><img loading="lazy" decoding="async" class="wp-image-455 alignright" src="http://presencevocale.fr/coachingvocal/wp-content/uploads/2016/03/Fotolia_98711433_XS-179x300.jpg" alt="double exposure of nature and young woman dancing isolated on white background" width="204" height="344" /></a></td>
<td><em>Se régénérer, bouger, s’amuser, se rencontrer,</em><br />
<em>s’apprivoiser, expérimenter, créer ensemble,</em><br />
<em>découvrir l’énergie qui nous habite et la partager</em></p>
<p><em>Apprivoiser les mouvements,<br />
la liberté et les vibrations du corps sonore</em></p>
<p><em>Faire vivre ses émotions et sa présence</em></p>
<p><em>Expérimenter le toucher dans la confiance</em></p>
<p><em>Ecouter</em></p>
<p><em>Etre pleinement là</em></td>
</tr>
</tbody>
</table>
<p>Bertrand CHARRIER, musicien, praticien en technique de santé naturelle (<a href="http://www.lavoieducorps.com/">La Voie du Corps)</a><br />
Françoise HECQUARD, chanteuse, coach vocal</p>
<p>Un stage résidentiel, dans un lieu ressourçant au cœur de la nature</p>
<p>Réservé aux adultes &#8211; Groupe limité à 12</p>

<p>Se régénérer, bouger, s’amuser, se rencontrer, s’apprivoiser, expérimenter, créer ensemble, découvrir l’énergie qui nous habite et la partager Apprivoiser les mouvements, la liberté et les vibrations du corps sonore Faire vivre ses émotions et sa présence Expérimenter le toucher dans la confiance Ecouter Etre pleinement là Bertrand CHARRIER, musicien, praticien en technique de santé naturelle [&hellip;]</p>
