{"id":8,"date":"2015-06-24T16:29:47","date_gmt":"2015-06-24T15:29:47","guid":{"rendered":"http:\/\/presencevocale.fr\/coachingvocal\/?page_id=8"},"modified":"2024-06-13T16:48:49","modified_gmt":"2024-06-13T14:48:49","slug":"seances-individuelles","status":"publish","type":"page","link":"https:\/\/presencevocale.fr\/coachingvocal\/seances-individuelles\/","title":{"rendered":"S\u00e9ances individuelles"},"content":{"rendered":"<p>Les s\u00e9ances individuelles sont totalement personnalis\u00e9es.<\/p>\n<p>Une premi\u00e8re rencontre exploratoire gratuite permet de d\u00e9finir la probl\u00e9matique : il peut s&rsquo;agir de trouver plus de puissance vocale, de donner de la richesse harmonique \u00e0 la voix, de limiter la fatigue vocale, de rendre la voix plus expressive dans la parole ou le chant, de trouver plus de pr\u00e9sence pour s&rsquo;affirmer dans l&rsquo;expression vocale&#8230;<\/p>\n<p>Lors de cette premi\u00e8re rencontre, nous faisons connaissance, nous \u00e9changeons sur les objectifs et la m\u00e9thode,<br \/>\net je propose <a href=\"https:\/\/presencevocale.fr\/coachingvocal\/wp-content\/uploads\/2020\/09\/Corps-en-mouvement.png\"><img loading=\"lazy\" decoding=\"async\" class=\"wp-image-2275 alignright\" src=\"https:\/\/presencevocale.fr\/coachingvocal\/wp-content\/uploads\/2020\/09\/Corps-en-mouvement-300x200.png\" alt=\"\" width=\"390\" height=\"260\" srcset=\"https:\/\/presencevocale.fr\/coachingvocal\/wp-content\/uploads\/2020\/09\/Corps-en-mouvement-300x200.png 300w, https:\/\/presencevocale.fr\/coachingvocal\/wp-content\/uploads\/2020\/09\/Corps-en-mouvement.png 424w\" sizes=\"auto, (max-width: 390px) 100vw, 390px\" \/><\/a>quelques exercices pour rep\u00e9rer d&#8217;embl\u00e9e les points \u00e0 travailler en premier.<\/p>\n<p>Une s\u00e9ance de coaching dure 1 heure.<\/p>\n<p>L&rsquo;accompagnement propos\u00e9 d\u00e9pend de la probl\u00e9matique de chaque personne. Il n&rsquo;y a pas deux s\u00e9ances identiques. Le parcours d&rsquo;exercices est totalement personnalis\u00e9 et chacun repart \u00e0 l&rsquo;issue de chaque s\u00e9ance avec un ou plusieurs exercices \u00e0 pratiquer chez soi.<\/p>\n<p>Une s\u00e9ance ponctuelle peut permettre d&rsquo;identifier les points de difficult\u00e9 particuliers et des exercices utiles pour am\u00e9liorer, selon les cas, la qualit\u00e9 du son, sa puissance, la qualit\u00e9 de l&rsquo;expression vocale et\/ou \u00e9motionnelle, la respiration et\/ou la qualit\u00e9 de pr\u00e9sence.<\/p>\n<p>Un cycle de s\u00e9ances (de 5 \u00e0 10) permet d&rsquo;accompagner la progression, de rectifier les mauvais r\u00e9flexes, de conforter et de faire r\u00e9guli\u00e8rement le point sur les \u00e9volutions. C&rsquo;est un travail qui entraine des changements profonds dans la conscience de soi et de son corps.<\/p>\n<p>Le rythme id\u00e9al des s\u00e9ances est de toutes les 2 ou 3 semaines maximum.<\/p>\n<p><strong>Co\u00fbt d&rsquo;une s\u00e9ance ponctuelle pour les particuliers :<\/strong> 65 \u20ac<\/p>\n<p><strong>Co\u00fbt pour un forfait de 5 s\u00e9ances :<\/strong> 250 \u20ac payables en une fois, soit 50 \u20ac par s\u00e9ance<\/p>\n","protected":false},"excerpt":{"rendered":"<p>Les s\u00e9ances individuelles sont totalement personnalis\u00e9es. Une premi\u00e8re rencontre exploratoire gratuite permet de d\u00e9finir la probl\u00e9matique : il peut s&rsquo;agir de trouver plus de puissance vocale, de donner de la richesse harmonique \u00e0 la voix, de limiter la fatigue vocale, de rendre la voix plus expressive dans la parole ou le chant, de trouver plus [&hellip;]<\/p>\n","protected":false},"author":3,"featured_media":0,"parent":0,"menu_order":0,"comment_status":"open","ping_status":"open","template":"","meta":{"ocean_post_layout":"","ocean_both_sidebars_style":"","ocean_both_sidebars_content_width":0,"ocean_both_sidebars_sidebars_width":0,"ocean_sidebar":"0","ocean_second_sidebar":"0","ocean_disable_margins":"enable","ocean_add_body_class":"","ocean_shortcode_before_top_bar":"","ocean_shortcode_after_top_bar":"","ocean_shortcode_before_header":"","ocean_shortcode_after_header":"","ocean_has_shortcode":"","ocean_shortcode_after_title":"","ocean_shortcode_before_footer_widgets":"","ocean_shortcode_after_footer_widgets":"","ocean_shortcode_before_footer_bottom":"","ocean_shortcode_after_footer_bottom":"","ocean_display_top_bar":"default","ocean_display_header":"default","ocean_header_style":"","ocean_center_header_left_menu":"0","ocean_custom_header_template":"0","ocean_custom_logo":0,"ocean_custom_retina_logo":0,"ocean_custom_logo_max_width":0,"ocean_custom_logo_tablet_max_width":0,"ocean_custom_logo_mobile_max_width":0,"ocean_custom_logo_max_height":0,"ocean_custom_logo_tablet_max_height":0,"ocean_custom_logo_mobile_max_height":0,"ocean_header_custom_menu":"0","ocean_menu_typo_font_family":"0","ocean_menu_typo_font_subset":"","ocean_menu_typo_font_size":0,"ocean_menu_typo_font_size_tablet":0,"ocean_menu_typo_font_size_mobile":0,"ocean_menu_typo_font_size_unit":"px","ocean_menu_typo_font_weight":"","ocean_menu_typo_font_weight_tablet":"","ocean_menu_typo_font_weight_mobile":"","ocean_menu_typo_transform":"","ocean_menu_typo_transform_tablet":"","ocean_menu_typo_transform_mobile":"","ocean_menu_typo_line_height":0,"ocean_menu_typo_line_height_tablet":0,"ocean_menu_typo_line_height_mobile":0,"ocean_menu_typo_line_height_unit":"","ocean_menu_typo_spacing":0,"ocean_menu_typo_spacing_tablet":0,"ocean_menu_typo_spacing_mobile":0,"ocean_menu_typo_spacing_unit":"","ocean_menu_link_color":"","ocean_menu_link_color_hover":"","ocean_menu_link_color_active":"","ocean_menu_link_background":"","ocean_menu_link_hover_background":"","ocean_menu_link_active_background":"","ocean_menu_social_links_bg":"","ocean_menu_social_hover_links_bg":"","ocean_menu_social_links_color":"","ocean_menu_social_hover_links_color":"","ocean_disable_title":"default","ocean_disable_heading":"default","ocean_post_title":"","ocean_post_subheading":"","ocean_post_title_style":"","ocean_post_title_background_color":"","ocean_post_title_background":0,"ocean_post_title_bg_image_position":"","ocean_post_title_bg_image_attachment":"","ocean_post_title_bg_image_repeat":"","ocean_post_title_bg_image_size":"","ocean_post_title_height":0,"ocean_post_title_bg_overlay":0.5,"ocean_post_title_bg_overlay_color":"","ocean_disable_breadcrumbs":"default","ocean_breadcrumbs_color":"","ocean_breadcrumbs_separator_color":"","ocean_breadcrumbs_links_color":"","ocean_breadcrumbs_links_hover_color":"","ocean_display_footer_widgets":"default","ocean_display_footer_bottom":"default","ocean_custom_footer_template":"0","footnotes":""},"class_list":["post-8","page","type-page","status-publish","hentry","entry"],"_links":{"self":[{"href":"https:\/\/presencevocale.fr\/coachingvocal\/wp-json\/wp\/v2\/pages\/8","targetHints":{"allow":["GET"]}}],"collection":[{"href":"https:\/\/presencevocale.fr\/coachingvocal\/wp-json\/wp\/v2\/pages"}],"about":[{"href":"https:\/\/presencevocale.fr\/coachingvocal\/wp-json\/wp\/v2\/types\/page"}],"author":[{"embeddable":true,"href":"https:\/\/presencevocale.fr\/coachingvocal\/wp-json\/wp\/v2\/users\/3"}],"replies":[{"embeddable":true,"href":"https:\/\/presencevocale.fr\/coachingvocal\/wp-json\/wp\/v2\/comments?post=8"}],"version-history":[{"count":18,"href":"https:\/\/presencevocale.fr\/coachingvocal\/wp-json\/wp\/v2\/pages\/8\/revisions"}],"predecessor-version":[{"id":2775,"href":"https:\/\/presencevocale.fr\/coachingvocal\/wp-json\/wp\/v2\/pages\/8\/revisions\/2775"}],"wp:attachment":[{"href":"https:\/\/presencevocale.fr\/coachingvocal\/wp-json\/wp\/v2\/media?parent=8"}],"curies":[{"name":"wp","href":"https:\/\/api.w.org\/{rel}","templated":true}]}}