{"id":103,"date":"2015-12-05T18:38:49","date_gmt":"2015-12-05T17:38:49","guid":{"rendered":"http:\/\/presencevocale.fr\/veillevocale\/?page_id=103"},"modified":"2024-02-25T19:22:16","modified_gmt":"2024-02-25T18:22:16","slug":"connaitre-sa-voix","status":"publish","type":"page","link":"https:\/\/presencevocale.fr\/veillevocale\/connaitre-sa-voix\/","title":{"rendered":"Connaitre sa voix"},"content":{"rendered":"\n<div class=\"wp-block-media-text is-stacked-on-mobile\" style=\"grid-template-columns:21% auto\"><figure class=\"wp-block-media-text__media\"><a href=\"https:\/\/www.puf.com\/la-voix\" target=\"_blank\" rel=\"noreferrer noopener\"><img loading=\"lazy\" decoding=\"async\" width=\"208\" height=\"319\" src=\"https:\/\/presencevocale.fr\/veillevocale\/wp-content\/uploads\/2015\/12\/1825fe536e8ceea82781eedb3b48d9d877c19f48.jpg\" alt=\"\" class=\"wp-image-110 size-full\" srcset=\"https:\/\/presencevocale.fr\/veillevocale\/wp-content\/uploads\/2015\/12\/1825fe536e8ceea82781eedb3b48d9d877c19f48.jpg 208w, https:\/\/presencevocale.fr\/veillevocale\/wp-content\/uploads\/2015\/12\/1825fe536e8ceea82781eedb3b48d9d877c19f48-196x300.jpg 196w, https:\/\/presencevocale.fr\/veillevocale\/wp-content\/uploads\/2015\/12\/1825fe536e8ceea82781eedb3b48d9d877c19f48-98x150.jpg 98w\" sizes=\"auto, (max-width: 208px) 100vw, 208px\" \/><\/a><\/figure><div class=\"wp-block-media-text__content\">\n<p>CORNUT, Guy. La voix.<br>PUF, 2009 &#8211; Que Sais-je ? n\u00b0627<\/p>\n\n\n\n<p class=\"has-vivid-purple-color has-text-color has-link-color wp-elements-ab588dcdec0904e856f8bd6786ea6028\"><strong>Cliquez sur l&#8217;image pour aller sur le site de l&#8217;\u00e9diteur<\/strong><\/p>\n\n\n\n<p>Par le m\u00e9decin phoniatre et chef de choeur Guy Cornut, le petit ouvrage de base qui vous d\u00e9crit tous les aspects de la voix parl\u00e9e et chant\u00e9e, sa physiologie, son fonctionnement, ses maladies.&nbsp;<\/p>\n<\/div><\/div>\n\n\n\n<div class=\"wp-block-media-text is-stacked-on-mobile\" style=\"grid-template-columns:23% auto\"><figure class=\"wp-block-media-text__media\"><a href=\"https:\/\/www.editionsfavre.com\/livres\/voie-de-la-voix-la\/\" target=\"_blank\" rel=\"noreferrer noopener\"><img loading=\"lazy\" decoding=\"async\" width=\"314\" height=\"499\" src=\"https:\/\/presencevocale.fr\/veillevocale\/wp-content\/uploads\/2015\/12\/414p-PwiZ2L._SX312_BO1204203200_.jpg\" alt=\"\" class=\"wp-image-43 size-full\" srcset=\"https:\/\/presencevocale.fr\/veillevocale\/wp-content\/uploads\/2015\/12\/414p-PwiZ2L._SX312_BO1204203200_.jpg 314w, https:\/\/presencevocale.fr\/veillevocale\/wp-content\/uploads\/2015\/12\/414p-PwiZ2L._SX312_BO1204203200_-189x300.jpg 189w, https:\/\/presencevocale.fr\/veillevocale\/wp-content\/uploads\/2015\/12\/414p-PwiZ2L._SX312_BO1204203200_-94x150.jpg 94w\" sizes=\"auto, (max-width: 314px) 100vw, 314px\" \/><\/a><\/figure><div class=\"wp-block-media-text__content\">\n<p>De HAAS, Robin &#8211; La voie de la voix<br>Favre, 2015<\/p>\n\n\n\n<p class=\"has-vivid-purple-color has-text-color has-link-color wp-elements-09f56622acb7168061c421547860016f\"><strong>Cliquez sur l&#8217;image pour aller sur le site de l&#8217;\u00e9diteu<\/strong>r<\/p>\n\n\n\n<p>D\u00e9finitions, anatomie, technique vocale. La voix parl\u00e9e, la voix des musiques actuelles, la voix lyrique. Avec des t\u00e9moignages et un lexique.<\/p>\n<\/div><\/div>\n\n\n\n<div class=\"wp-block-media-text is-stacked-on-mobile\" style=\"grid-template-columns:24% auto\"><figure class=\"wp-block-media-text__media\"><a href=\"https:\/\/www.deboecksuperieur.com\/ouvrage\/9782353274420-la-belle-histoire-de-la-voix\" target=\"_blank\" rel=\"noreferrer noopener\"><img loading=\"lazy\" decoding=\"async\" width=\"307\" height=\"380\" src=\"https:\/\/presencevocale.fr\/veillevocale\/wp-content\/uploads\/2024\/02\/La-belle-histoire-de-la-voix.jpeg\" alt=\"\" class=\"wp-image-698 size-full\" srcset=\"https:\/\/presencevocale.fr\/veillevocale\/wp-content\/uploads\/2024\/02\/La-belle-histoire-de-la-voix.jpeg 307w, https:\/\/presencevocale.fr\/veillevocale\/wp-content\/uploads\/2024\/02\/La-belle-histoire-de-la-voix-242x300.jpeg 242w, https:\/\/presencevocale.fr\/veillevocale\/wp-content\/uploads\/2024\/02\/La-belle-histoire-de-la-voix-218x270.jpeg 218w\" sizes=\"auto, (max-width: 307px) 100vw, 307px\" \/><\/a><\/figure><div class=\"wp-block-media-text__content\">\n<p>ABITBOL, Jean. La belle histoire de la voix &#8211; De Boeck Sup, 2019<\/p>\n\n\n\n<p class=\"has-vivid-purple-color has-text-color has-link-color wp-elements-09f56622acb7168061c421547860016f\"><strong>Cliquez sur l&#8217;image pour aller sur le site de l&#8217;\u00e9diteu<\/strong>r<\/p>\n\n\n\n<p>Jean Abibol est ORL, phoniatre et chirurgien cervico-facial. Il prend soin de la voix de nombreuses c\u00e9l\u00e9brit\u00e9s, chanteurs, com\u00e9diens, avocats, enseignants et professionnels de la voix. Cet ouvrage est un panorama des diverses facettes de la voix, de ses diff\u00e9rents domaines, de c\u00e9l\u00e9brit\u00e9s qui l&#8217;incarne particuli\u00e8rement, de ses secrets. Superbement illustr\u00e9, une page par th\u00e9matique abord\u00e9e.<\/p>\n<\/div><\/div>\n","protected":false},"excerpt":{"rendered":"<p>CORNUT, Guy. La voix.PUF, 2009 &#8211; Que Sais-je ? n\u00b0627 Cliquez sur l&#8217;image pour aller sur le site de l&#8217;\u00e9diteur Par le m\u00e9decin phoniatre et chef de choeur Guy Cornut, le petit ouvrage de base qui vous d\u00e9crit tous les aspects de la voix parl\u00e9e et chant\u00e9e, sa physiologie, son fonctionnement, ses maladies.&nbsp; De HAAS, Robin &#8211; La voie de la voixFavre, 2015 Cliquez sur l&#8217;image pour aller sur le site de l&#8217;\u00e9diteur D\u00e9finitions, anatomie, technique vocale. La voix parl\u00e9e,&#8230;<\/p>\n<p class=\"read-more\"><a class=\"btn btn-default\" href=\"https:\/\/presencevocale.fr\/veillevocale\/connaitre-sa-voix\/\">Lire la suite<span class=\"screen-reader-text\"> Lire la suite<\/span><\/a><\/p>\n","protected":false},"author":1,"featured_media":0,"parent":0,"menu_order":0,"comment_status":"closed","ping_status":"closed","template":"","meta":{"footnotes":""},"class_list":["post-103","page","type-page","status-publish","hentry"],"_links":{"self":[{"href":"https:\/\/presencevocale.fr\/veillevocale\/wp-json\/wp\/v2\/pages\/103","targetHints":{"allow":["GET"]}}],"collection":[{"href":"https:\/\/presencevocale.fr\/veillevocale\/wp-json\/wp\/v2\/pages"}],"about":[{"href":"https:\/\/presencevocale.fr\/veillevocale\/wp-json\/wp\/v2\/types\/page"}],"author":[{"embeddable":true,"href":"https:\/\/presencevocale.fr\/veillevocale\/wp-json\/wp\/v2\/users\/1"}],"replies":[{"embeddable":true,"href":"https:\/\/presencevocale.fr\/veillevocale\/wp-json\/wp\/v2\/comments?post=103"}],"version-history":[{"count":21,"href":"https:\/\/presencevocale.fr\/veillevocale\/wp-json\/wp\/v2\/pages\/103\/revisions"}],"predecessor-version":[{"id":706,"href":"https:\/\/presencevocale.fr\/veillevocale\/wp-json\/wp\/v2\/pages\/103\/revisions\/706"}],"wp:attachment":[{"href":"https:\/\/presencevocale.fr\/veillevocale\/wp-json\/wp\/v2\/media?parent=103"}],"curies":[{"name":"wp","href":"https:\/\/api.w.org\/{rel}","templated":true}]}}