{"id":140,"date":"2015-12-05T19:56:18","date_gmt":"2015-12-05T18:56:18","guid":{"rendered":"http:\/\/presencevocale.fr\/veillevocale\/?page_id=140"},"modified":"2018-07-30T18:35:44","modified_gmt":"2018-07-30T17:35:44","slug":"francoise-hecquard","status":"publish","type":"page","link":"https:\/\/presencevocale.fr\/veillevocale\/francoise-hecquard\/","title":{"rendered":"Fran\u00e7oise HECQUARD"},"content":{"rendered":"<h3 style=\"text-align: left;\"><span style=\"color: #333399;\"><strong>Fran\u00e7oise HECQUARD, accordeuse de voix<br \/>\n<\/strong><\/span><\/h3>\n<p><a href=\"http:\/\/presencevocale.fr\/coachingvocal\/wp-content\/uploads\/2015\/07\/FH2-100k.jpg\"><img loading=\"lazy\" decoding=\"async\" class=\" wp-image-163 alignleft\" src=\"http:\/\/presencevocale.fr\/coachingvocal\/wp-content\/uploads\/2015\/07\/FH2-100k-300x280.jpg\" alt=\"FH2 100k\" width=\"137\" height=\"128\" \/><\/a>Biblioth\u00e9caire de formation initiale, j&#8217;ai con\u00e7u ce site pour rassembler toutes les informations que je compile dans le domaine de la voix.<\/p>\n<p>Je suis coach vocal, dipl\u00f4m\u00e9e en art-th\u00e9rapie de la voix. J&#8217;ai re\u00e7u l\u2019attestation g\u00e9n\u00e9rale de travail du <em>Roy Hart Theatre<\/em> (correspondant \u00e0 un minimum de 300h de formation). Vous trouverez mon offre d&#8217;accompagnement dans le domaine de la voix sur le site <a href=\"http:\/\/presencevocale.fr\/coachingvocal\/\">Presencevocale.fr\/coachingvocal<\/a><\/p>\n<p>Dans ma pratique, je m\u2019appuie sur une longue exp\u00e9rience du d\u00e9veloppement personnel, de la formation et du conseil, du management d&#8217;\u00e9quipe, et du chant. J&#8217;utilise les outils de l\u2019\u00e9coute active, de la psychologie positive, de l\u2019intelligence \u00e9motionnelle, de la communication non-violente\u2026 mais aussi du chant, du clown et de la pleine conscience.<\/p>\n<p>Je me suis form\u00e9e et je continue de me former r\u00e9guli\u00e8rement en dynamique des groupes, p\u00e9dagogie des adultes, communication non violente (CNV), gestion des relations et des conflits, gestion des \u00e9motions, art de l\u2019\u00e9coute, technique vocale et physiologie de la voix. J\u2019ai par ailleurs suivi un parcours de plusieurs ann\u00e9es en clown-gestalt.<\/p>\n<figure id=\"attachment_19\" aria-describedby=\"caption-attachment-19\" style=\"width: 109px\" class=\"wp-caption alignright\"><a href=\"http:\/\/presencevocale.fr\/veillevocale\/me-contacter\/ \"><img loading=\"lazy\" decoding=\"async\" class=\" wp-image-19\" src=\"http:\/\/presencevocale.fr\/veillevocale\/wp-content\/uploads\/2015\/11\/Me\u0301gaphone.jpg\" alt=\"Me contacter\" width=\"109\" height=\"109\" \/><\/a><figcaption id=\"caption-attachment-19\" class=\"wp-caption-text\">Me contacter<\/figcaption><\/figure>\n<p><a href=\"http:\/\/www.lecoledelavoix.com\/\">L&#8217;Ecole de la Voix<\/a><\/p>\n<p><a href=\"http:\/\/www.roy-hart-theatre.com\/site\/fr\/\">Centre artistique Roy Hart<\/a><\/p>\n<p><a href=\"http:\/\/www.clown-gestalt-rr.com\/\">Clown Gestalt &#8211; Rosine Rochette<\/a><\/p>\n<p><a href=\"http:\/\/nvc-europe.org\/SPIP\/-Association-Communication-Non-\">Association Communication NonViolente (ACNV)<\/a><\/p>\n","protected":false},"excerpt":{"rendered":"<p>Fran\u00e7oise HECQUARD, accordeuse de voix Biblioth\u00e9caire de formation initiale, j&#8217;ai con\u00e7u ce site pour rassembler toutes les informations que je compile dans le domaine de la voix. Je suis coach vocal, dipl\u00f4m\u00e9e en art-th\u00e9rapie de la voix. J&#8217;ai re\u00e7u l\u2019attestation g\u00e9n\u00e9rale de travail du Roy Hart Theatre (correspondant \u00e0 un minimum de 300h de formation). Vous trouverez mon offre d&#8217;accompagnement dans le domaine de la voix sur le site Presencevocale.fr\/coachingvocal Dans ma pratique, je m\u2019appuie sur une longue exp\u00e9rience du&#8230;<\/p>\n<p class=\"read-more\"><a class=\"btn btn-default\" href=\"https:\/\/presencevocale.fr\/veillevocale\/francoise-hecquard\/\">Lire la suite<span class=\"screen-reader-text\"> Lire la suite<\/span><\/a><\/p>\n","protected":false},"author":1,"featured_media":0,"parent":0,"menu_order":0,"comment_status":"closed","ping_status":"closed","template":"","meta":{"footnotes":""},"class_list":["post-140","page","type-page","status-publish","hentry"],"_links":{"self":[{"href":"https:\/\/presencevocale.fr\/veillevocale\/wp-json\/wp\/v2\/pages\/140","targetHints":{"allow":["GET"]}}],"collection":[{"href":"https:\/\/presencevocale.fr\/veillevocale\/wp-json\/wp\/v2\/pages"}],"about":[{"href":"https:\/\/presencevocale.fr\/veillevocale\/wp-json\/wp\/v2\/types\/page"}],"author":[{"embeddable":true,"href":"https:\/\/presencevocale.fr\/veillevocale\/wp-json\/wp\/v2\/users\/1"}],"replies":[{"embeddable":true,"href":"https:\/\/presencevocale.fr\/veillevocale\/wp-json\/wp\/v2\/comments?post=140"}],"version-history":[{"count":16,"href":"https:\/\/presencevocale.fr\/veillevocale\/wp-json\/wp\/v2\/pages\/140\/revisions"}],"predecessor-version":[{"id":465,"href":"https:\/\/presencevocale.fr\/veillevocale\/wp-json\/wp\/v2\/pages\/140\/revisions\/465"}],"wp:attachment":[{"href":"https:\/\/presencevocale.fr\/veillevocale\/wp-json\/wp\/v2\/media?parent=140"}],"curies":[{"name":"wp","href":"https:\/\/api.w.org\/{rel}","templated":true}]}}