{"id":145,"date":"2015-12-05T20:06:23","date_gmt":"2015-12-05T19:06:23","guid":{"rendered":"http:\/\/presencevocale.fr\/veillevocale\/?page_id=145"},"modified":"2025-09-18T01:54:35","modified_gmt":"2025-09-18T00:54:35","slug":"des-videos","status":"publish","type":"page","link":"https:\/\/presencevocale.fr\/veillevocale\/des-videos\/","title":{"rendered":"\u00c9missions et reportages sur la voix"},"content":{"rendered":"\n<figure class=\"wp-block-table\"><table><tbody><tr><td><a href=\"https:\/\/www.youtube.com\/watch?v=Wdet_J5RdhY\" target=\"_blank\" rel=\"noreferrer noopener\"><strong>Les myst\u00e8res de la voix<\/strong><\/a><\/td><td>\u00c9mission <em>Va savoir<\/em> #12. <a href=\"https:\/\/www.youtube.com\/@ZesteDeScience\">Zeste de Science \/ Le<\/a><a href=\"https:\/\/www.youtube.com\/@ZesteDeScience\" target=\"_blank\" rel=\"noreferrer noopener\">s s\u00e9ries originales du CNRS<\/a>. Elle est un instrument dont nous jouons d\u00e8s les premiers instants de notre vie, avant d&#8217;apprendre \u00e0 en ma\u00eetriser toutes les subtilit\u00e9s au fil des ans. Et si son usage nous para\u00eet aussi naturel que la respiration, son fonctionnement est en r\u00e9alit\u00e9 tr\u00e8s complexe, mettant en jeu des m\u00e9canismes dont nous n&#8217;avons pas fini de percer les secrets. Avec la participation de : Nathalie Henrich Bernardoni, Mounib Tlaidi, Xavier Laval et Olivier Perrotin (GIPSA-lab, CNRS \/ Universit\u00e9 Grenoble Alpes \/ Grenoble INP-UGA). (11 septembre 2025 &#8211; 12,41 minutes).<\/td><\/tr><tr><td><a rel=\"noreferrer noopener\" href=\"https:\/\/www.franceinter.fr\/emissions\/grand-bien-vous-fasse\/grand-bien-vous-fasse-du-jeudi-23-decembre-2021\" target=\"_blank\"><strong>Les bienfaits du chant<\/strong><\/a><\/td><td>Podcast France Inter. Qu\u2019on chante tout seul sous la douche, \u00e0 4 voix dans une chorale, ou devant l\u2019\u00e9cran d\u2019un karaok\u00e9, qu\u2019on chante sous la pluie ou sous le soleil, du Ramstein ou un madrigal de Monteverdi, juste ou faux, l\u2019effet est le m\u00eame. \u00c7a fait un bien fou\u2026 enfin du moins pour celle ou celui qui chante. Avec <strong>David Lefort<\/strong> (chanteur au Ch\u0153ur de Radio France, intervenant r\u00e9gulier comme m\u00e9diateur pour mener diff\u00e9rents ateliers autour de la pratique du chant dans de nombreux milieux), <strong>Ad\u00e8le Charvet<\/strong> (mezzo soprano qui s&#8217;est impos\u00e9e en quelques ann\u00e9es comme l&#8217;une des mezzos fran\u00e7aises les plus talentueuses de sa g\u00e9n\u00e9ration), <strong>Guillaume Lurton<\/strong> (Ma\u00eetre de conf\u00e9rences en sociologie \u00e9conomique \u00e0 l\u2019universit\u00e9 de Poitiers), <strong>Isabelle Rouch<\/strong> (M\u00e9decin neuro \u00e9pid\u00e9miologiste au CHU de St Etienne, sp\u00e9cialiste de consultations m\u00e9moire et chercheur dans les maladies neuro d\u00e9g\u00e9n\u00e9ratives\/ chercheuse \u00e0 l\u2019Inserm de Bordeaux) (23 d\u00e9cembre 2021 &#8211; 52 minutes)<\/td><\/tr><tr><td><a href=\"https:\/\/www.arte.tv\/fr\/videos\/070788-000-A\/les-allies-caches-de-notre-organisme-les-fascias\/\" data-type=\"URL\" data-id=\"https:\/\/www.arte.tv\/fr\/videos\/070788-000-A\/les-allies-caches-de-notre-organisme-les-fascias\/\" target=\"_blank\" rel=\"noreferrer noopener\"><strong>Les fascias, alli\u00e9s cach\u00e9s de notre organisme<\/strong><\/a><\/td><td>Vid\u00e9o Arte. Gros plan sur notre tissu fascial, qui entoure \u00e0 la mani\u00e8re d&#8217;un bandage \u00e0 la fois dense et irr\u00e9gulier les \u00e9l\u00e9ments composant notre corps : nos organes, nos muscles, nos os. Cet organe m\u00e9connu et vital suscite parmi les chercheurs en m\u00e9decine un int\u00e9r\u00eat et un espoir croissants. Le travail sur les fascias est tr\u00e8s utile \u00e0 l&#8217;am\u00e9lioration de la voix : voir \u00e0 ce sujet notamment la technique Feldenkrais (8 ao\u00fbt 2021, 53 mn)<\/td><\/tr><tr><td><strong><a href=\"https:\/\/www.youtube.com\/watch?v=sxE1UpLGmdg\" target=\"_blank\" rel=\"noreferrer noopener\">Les cordes vocales de Florent<\/a><br><\/strong><\/td><td>\u00c9mission E=M6 &#8211; Voix, cordes vocales : J\u00e9rome Anthony dans la peau de Florent Pagny. Explications sur la tessiture, le fonctionnement des cordes vocales, la r\u00e9sonance, la respiration, avec des vid\u00e9os de leurs cordes vocales respectives en action. Explications par Jean Abitbol (19 janvier 2014 &#8211; 8,19 mn)<\/td><\/tr><tr><td><strong><a href=\"https:\/\/www.youtube.com\/watch?v=PeBA8FtwGN8\" target=\"_blank\" rel=\"noreferrer noopener\">Pourquoi les cordes vocales vibrent-elles ?<\/a><br><\/strong><\/td><td>C&#8217;est pas sorcier. (2017 &#8211; 1,41 mn)<\/td><\/tr><tr><td><a href=\"https:\/\/www.franceinter.fr\/emissions\/le-telephone-sonne\/le-telephone-sonne-01-juin-2018\" target=\"_blank\" rel=\"noreferrer noopener\"><strong>Ce que dit la voix de nous<\/strong><\/a><\/td><td>A \u00e9couter : \u00e9mission <em>Le T\u00e9l\u00e9phone sonne <\/em>de Claire Servajean, avec Elisabeth Fresnel,M\u00e9decin phoniatre, directrice du \u00ab Laboratoire de la voix, Pierre Derycke, Professeur de technique vocale \u00e0 Science Po Paris, au Conservatoire du 8\u00e8me arrondissement de Paris, et \u00c9loquentia St Denis et Philippe Jaroussky, Contre-tenor. (1er juin 2018 &#8211; 40 mn)<\/td><\/tr><tr><td><strong><a href=\"https:\/\/www.youtube.com\/watch?v=vFYuPkZjLTQ\" target=\"_blank\" rel=\"noreferrer noopener\">3 conseils pour conna\u00eetre sa vraie voix<\/a><br><\/strong><\/td><td>Tuto de Jean Sommer, coach vocal &#8211; Notre voix a travers\u00e9 beaucoup d&#8217;histoires\u2026 Des histoires qui nous ont fabriqu\u00e9es et qui ont influenc\u00e9es notre mani\u00e8re de nous exprimer. A notre avantage ou non. Cela d\u00e9pend du parcours de chacun, qui s&#8217;entend dans sa voix plus ou moins &#8220;juste&#8221;. Quelle est notre vraie voix ? (21 f\u00e9vrier 2018 &#8211; 6,13 mn)<\/td><\/tr><tr><td><strong><a href=\"https:\/\/webtv.univ-rouen.fr\/videos\/24-11-2016-140323-partie-3\/\" target=\"_blank\" rel=\"noreferrer noopener\">La voix, un capital \u00e0 pr\u00e9server<\/a><br><\/strong><\/td><td>Retransmission d&#8217;une intervention d&#8217;H\u00e9l\u00e8ne Fiquet, art-th\u00e9rapeute, \u00e0 l&#8217;Universit\u00e9 de Rouen (24 nov. 2016 &#8211; 1h28)<\/td><\/tr><tr><td><a href=\"https:\/\/www.youtube.com\/watch?v=98Y1LdzIuaE\" target=\"_blank\" rel=\"noreferrer noopener\"><strong>Lutter efficacement contre la fatigue vocale (conf\u00e9rence)<\/strong><\/a><\/td><td>Vid\u00e9o d&#8217;une conf\u00e9rence d&#8217;<a href=\"http:\/\/www.chantvoixetcorps.com\">Emanuelle Trinquesse<\/a> r\u00e9alis\u00e9e \u00e0 l&#8217;occasion de la journ\u00e9e mondiale de la voix 2015 (49,29 mn)<\/td><\/tr><tr><td><strong><a href=\"https:\/\/www.franceinter.fr\/emissions\/la-tete-au-carre\/la-tete-au-carre-02-mai-2016\" target=\"_blank\" rel=\"noreferrer noopener\">France Inter : La voix<\/a><\/strong><\/td><td>A \u00e9couter : \u00e9mission <em>La T\u00eate au carr\u00e9<\/em> de Mathieu Vidard, avec le chanteur Maxime Leforestier, la professeure de chant Raymonde Vitet et le chirurgien et phoniatre Jean Abitbol. (Mai 2016 &#8211; 59 mn)<\/td><\/tr><tr><td><a href=\"https:\/\/www.francemusique.fr\/emissions\/pleine-voix\/du-yodel-au-black-metal-des-differents-usages-de-la-voix-9266\" target=\"_blank\" rel=\"noreferrer noopener\"><strong>France Musique : Du Yodel au Black Metal : les diff\u00e9rents usages de la voix<\/strong><\/a><\/td><td>A \u00e9couter : \u00e9mission <em>A pleine voix<\/em> de Karine Le Ball &#8211; Un aper\u00e7u des voix pop, rock, soul, de leurs couleurs et de leurs emplois, loin des habitudes et des crit\u00e8res de la \u00ab belle voix \u00bb lyrique occidentale. Belting d\u2019Aretha Franklin, intense falsetto ornemental de Ray Charles, chant hurl\u00e9 de Screamin\u2019 Jay Hawkins, yodel country et cassures vocales de Hank Williams, plaintive voix \u00ab craqu\u00e9e \u00bb chez Alanis Morissette, bruit vocal et symbolique du mal dans le m\u00e9tal extr\u00eame\u2026 Autant de mani\u00e8res d\u2019\u00eatre belle pour la voix chant\u00e9e. (19 mars 2016 &#8211; 58 mn)<\/td><\/tr><tr><td><a href=\"https:\/\/www.youtube.com\/watch?v=hYN4ygVDZgY\" target=\"_blank\" rel=\"noreferrer noopener\"><strong>Je n&#8217;ai pas la voix de mon physique<\/strong><\/a><\/td><td>Emission <em>C&#8217;est mon choix<\/em> d&#8217;Evelyne Thomas (16 mars 2016 &#8211; 57 mn 15)<\/td><\/tr><tr><td><strong><a href=\"https:\/\/www.youtube.com\/watch?v=y-1pbQzWX0E\" target=\"_blank\" rel=\"noreferrer noopener\">&nbsp;La voix des autres<\/a><\/strong><\/td><td>Documentaire vid\u00e9o sur le m\u00e9tier et la technique du doublage, r\u00e9alis\u00e9 par Rosalie B\u00e9gin-Nadeau et Koralie Dubuc dans le cadre du cours Production documentaire du programme Arts, lettres et communication du C\u00e9gep de Sherbrooke (D\u00e9cembre 2015 &#8211; 5 mn 29)<\/td><\/tr><tr><td><strong><a href=\"https:\/\/www.youtube.com\/watch?v=CXzqDzMHQRk&amp;__scoop_post=af7c1310-948a-11e5-fa0e-00221934899c&amp;__scoop_topic=730107#__scoop_post=af7c1310-948a-11e5-fa0e-00221934899c&amp;__scoop_topic=730107\" target=\"_blank\" rel=\"noopener noreferrer\">Les voix.fr : Reportage sur la voix au cin\u00e9ma<\/a><\/strong><\/td><td>Reportage dans &#8220;Le Pav\u00e9 dans l&#8217;\u00e9cran&#8221; sur seanceradio.com par C\u00e9sar Monteyrol.<br>(Novembre 2015 &#8211; 6 mn 20)<\/td><\/tr><tr><td><strong><a href=\"http:\/\/www.minutefacile.com\/psycho-sexo\/psychologie\/3526-comment-la-voix-traduit-les-emotions\/\" target=\"_blank\" rel=\"noopener noreferrer\">La minute facile : comment la voix traduit nos \u00e9motions<\/a><\/strong><\/td><td>Une vid\u00e9o d&#8217;1 minute pour expliquer comment la respiration et le cerveau influent sur les muscles et les cordes vocales qui transforment le son de notre voix en cas d&#8217;\u00e9motion forte.<\/td><\/tr><tr><td><strong><a rel=\"noopener noreferrer\" href=\"https:\/\/www.youtube.com\/watch?v=seExRSquGBQ\" target=\"_blank\">C&#8217;est pas sorcier : Voix de f\u00eate<\/a><\/strong><\/td><td>Mati\u00e8re premi\u00e8re de la voix, quel r\u00f4le notre souffle joue-t-il ? Pourquoi les hommes ont-ils g\u00e9n\u00e9ralement une voix plus grave que les femmes ? Les chanteurs lyriques, pour \u00e9mettre des sons aigus, d\u00e9veloppent la voix de t\u00eate. Quelle diff\u00e9rence y a-t-il entre voix de t\u00eate et voix de poitrine ? C&#8217;est gr\u00e2ce au timbre qu&#8217;on reconna\u00eet la voix de quelqu&#8217;un sans m\u00eame le voir. Pourquoi, de la plus c\u00e9l\u00e8bre \u00e0 la plus anonyme, chaque voix est-elle unique ? Comment les imitateurs nous font-ils croire qu&#8217;ils parlent avec la voix des autres ? A trop forcer sur elle, on peut se retrouver sans voix. Que se passe-t-il alors ? (Mai 2013 &#8211; 28 mn 11)<\/td><\/tr><\/tbody><\/table><\/figure>\n","protected":false},"excerpt":{"rendered":"<p>Les myst\u00e8res de la voix \u00c9mission Va savoir #12. Zeste de Science \/ Les s\u00e9ries originales du CNRS. Elle est un instrument dont nous jouons d\u00e8s les premiers instants de notre vie, avant d&#8217;apprendre \u00e0 en ma\u00eetriser toutes les subtilit\u00e9s au fil des ans. Et si son usage nous para\u00eet aussi naturel que la respiration, son fonctionnement est en r\u00e9alit\u00e9 tr\u00e8s complexe, mettant en jeu des m\u00e9canismes dont nous n&#8217;avons pas fini de percer les secrets. Avec la participation de&#8230;<\/p>\n<p class=\"read-more\"><a class=\"btn btn-default\" href=\"https:\/\/presencevocale.fr\/veillevocale\/des-videos\/\">Lire la suite<span class=\"screen-reader-text\"> Lire la suite<\/span><\/a><\/p>\n","protected":false},"author":1,"featured_media":242,"parent":0,"menu_order":0,"comment_status":"closed","ping_status":"closed","template":"","meta":{"footnotes":""},"class_list":["post-145","page","type-page","status-publish","has-post-thumbnail","hentry"],"_links":{"self":[{"href":"https:\/\/presencevocale.fr\/veillevocale\/wp-json\/wp\/v2\/pages\/145","targetHints":{"allow":["GET"]}}],"collection":[{"href":"https:\/\/presencevocale.fr\/veillevocale\/wp-json\/wp\/v2\/pages"}],"about":[{"href":"https:\/\/presencevocale.fr\/veillevocale\/wp-json\/wp\/v2\/types\/page"}],"author":[{"embeddable":true,"href":"https:\/\/presencevocale.fr\/veillevocale\/wp-json\/wp\/v2\/users\/1"}],"replies":[{"embeddable":true,"href":"https:\/\/presencevocale.fr\/veillevocale\/wp-json\/wp\/v2\/comments?post=145"}],"version-history":[{"count":44,"href":"https:\/\/presencevocale.fr\/veillevocale\/wp-json\/wp\/v2\/pages\/145\/revisions"}],"predecessor-version":[{"id":749,"href":"https:\/\/presencevocale.fr\/veillevocale\/wp-json\/wp\/v2\/pages\/145\/revisions\/749"}],"wp:featuredmedia":[{"embeddable":true,"href":"https:\/\/presencevocale.fr\/veillevocale\/wp-json\/wp\/v2\/media\/242"}],"wp:attachment":[{"href":"https:\/\/presencevocale.fr\/veillevocale\/wp-json\/wp\/v2\/media?parent=145"}],"curies":[{"name":"wp","href":"https:\/\/api.w.org\/{rel}","templated":true}]}}